ulate the highest common divisor of 12 and q.
12
Suppose -13 = -3*z + 17. Suppose 8*g = 3*g + z. Suppose 0 = -j - 4, -f - 3*j = -1 - 9. What is the greatest common divisor of f and g?
2
Let k = -264 + 444. Calculate the highest common factor of k and 20.
20
Suppose i = w - 9, 4*w - w - 3 = -3*i. Let n(m) be the second derivative of -5*m**3/6 + m. Let v be n(i). What is the highest common factor of v and 4?
4
Let u = -97 + 100. What is the greatest common factor of u and 4?
1
Suppose 5*p = 2*f + 109, -4*p = -f + 5*f - 104. What is the highest common factor of 161 and p?
23
Suppose -3*w + 14 + 49 = 0. Let y(d) = 0*d**3 + d**2 + 4*d**2 + 1 + d**3 + 4*d. Let m be y(-3). What is the highest common factor of m and w?
7
Suppose 0 = x - 6 - 14. Let q(f) = f**2 + f + 4. Let y be q(-3). Calculate the highest common divisor of x and y.
10
Suppose 16 = 3*v - 74. Calculate the greatest common factor of 15 and v.
15
Let g = 7 + 28. What is the greatest common divisor of 14 and g?
7
Let f(d) = -46*d - 1. Let k be f(-1). Calculate the greatest common divisor of 15 and k.
15
Let g = -78 - -110. Calculate the highest common factor of 4 and g.
4
Let m = -11 + 19. What is the highest common factor of 8 and m?
8
Suppose 240 = 5*p - 5*i, -2*p + i + 14 + 86 = 0. What is the highest common divisor of 13 and p?
13
Let r(p) = -p**3 + p**2 + 20. Let o be r(0). Let s(u) = -u - 3. Let h be s(-7). Suppose h*y = 9*y - 250. What is the greatest common divisor of y and o?
10
Let j(d) = 9*d**3 + 2*d**2 - d - 2. Let y be j(-2). Let c = y - -94. Let k = c - 18. What is the greatest common factor of k and 12?
12
Let c be (6/(-1))/((-2)/8). Let q = -10 + 42. Let j = q + -20. What is the highest common divisor of j and c?
12
Let n(x) = -x**3 - x**2 - 3*x - 2. Let w be (-2)/8 - 7/4. Let f be n(w). Suppose -4*i + f*i = 40. What is the greatest common factor of 90 and i?
10
Suppose 80 - 420 = -4*y. Let a be (-2)/4 - y/(-10). Let x = 5 - -11. Calculate the highest common divisor of x and a.
8
Let v = 0 + 4. Suppose 2*g - v*g = -42. Suppose c = -0*c + g. Calculate the highest common divisor of c and 14.
7
Suppose 2*v + b = 168, -193 = -4*v - b + 145. Suppose -k = -2*w + w + 35, -2*w + v = k. What is the greatest common factor of w and 16?
8
Suppose z = -0 + 6. Calculate the highest common divisor of 9 and z.
3
Let j = 7 - -5. Suppose 0 = 2*v - 205 - 11. What is the highest common divisor of v and j?
12
Let g(q) = q**3 + 7*q**2 + 9*q + 9. Let l be g(-6). Let p be (1 + l + 3)/(-1). Calculate the highest common factor of 45 and p.
5
Let n be (-14)/(-1) + 2 + -3. Let l = 8 + n. Let v = 30 - l. What is the greatest common factor of v and 36?
9
Let d be -2 + (0 - 1) - -9. Suppose 0*m + d*m - 84 = 0. Calculate the highest common factor of m and 28.
14
Let s be 72*(65/15 + 0 + -2). Calculate the highest common factor of s and 21.
21
Let r be ((-39)/(-5))/(4/20). Calculate the greatest common factor of r and 156.
39
Suppose n - 17 = 5. Let t be 6/(-2 + n/8). Suppose 117 = 3*d - 3*u, -7*d + 2*u = -8*d + 42. What is the highest common divisor of d and t?
8
Suppose 30 = -0*g + 2*g. Let b be (1 - (0 - 0))/1. Suppose y - 2*y - b = 3*f, -5*y = -2*f - 29. What is the greatest common divisor of y and g?
5
Let v(l) = -l**3 + 5*l - 1. Let h be v(-5). What is the highest common divisor of 9 and h?
9
Let k be (-216)/(-10) + 18/45. Let t(o) = 4*o + 8. Let h = -14 - -23. Let i be t(h). What is the greatest common divisor of i and k?
22
Let h = 0 + -2. Let d be (4 + -4)*(-2)/h. Suppose d = -3*f - 35 + 116. Calculate the highest common divisor of 3 and f.
3
Suppose 3*p - 227 = -0*g + 2*g, 2*g = -p - 215. Let h be 1/5 + g/(-5). Calculate the greatest common divisor of 33 and h.
11
Let j(m) = -m + 14. Let r be j(11). Let n(i) = 31*i - 3. Let z be n(r). Calculate the greatest common factor of z and 10.
10
Let d = 27 - 52. Let q = d + 73. What is the greatest common factor of q and 6?
6
Let i(h) = h**3 - h + 9. Suppose -5*d + 0 = -2*j - 8, -2*j = -d + 8. Let g be i(d). Let u = 0 + g. What is the highest common factor of 18 and u?
9
Let z = 133 + -118. Calculate the greatest common factor of 6 and z.
3
Suppose 2*h - 2*j = -6*j - 16, 0 = -h + 2*j + 12. Let c be (-1)/2 + 37/h. What is the highest common divisor of 6 and c?
6
Let l = -31 + 43. What is the greatest common factor of 18 and l?
6
Let i be 1/3 - (-413)/21. What is the greatest common divisor of 50 and i?
10
Let b be (-5)/(20/8) - (-102 - -1). What is the highest common divisor of 18 and b?
9
Let h = 7 - 5. Suppose -14 = 4*p - 5*s - 179, 2*s = -h. Calculate the greatest common factor of 60 and p.
20
Let i = -32 - -78. Let y be 6215/30 + 1/(-6). Let x be (y/(-18))/(1/(-2)). What is the greatest common factor of i and x?
23
Let b = -5 + 8. Let m(l) = 2*l - b*l + 2 + 3*l. Let i be m(5). Calculate the greatest common divisor of i and 3.
3
Let y = -13 + 15. Suppose 2*h = -8 - 0, a = -y*h + 28. What is the highest common factor of a and 54?
18
Suppose s - 23 = -4*w, 0 = -s - s - 10. What is the greatest common factor of 7 and w?
7
Suppose -2*i - i - 234 = -4*y, i = -3*y + 182. Let g be (1 + 0)/(6/y). Calculate the greatest common factor of 2 and g.
2
Let o = 186 - 51. Let m = 191 - o. What is the greatest common factor of m and 8?
8
Let s(l) = l**3 + 5*l**2 - 3*l + 2. Let a be s(3). Calculate the highest common divisor of 26 and a.
13
Let x(k) = 3 - 1 + 6*k - 1 + k**2. Let s be x(-6). Let c be (18/(-10))/(3/(-10)). What is the greatest common factor of c and s?
1
Suppose 5 + 11 = 4*b. Let i = 20 - b. Calculate the highest common factor of 8 and i.
8
Let j = 5 - 5. Suppose 7*k + 5*l - 26 = 3*k, 5*k - 3*l - 51 = j. What is the highest common factor of k and 63?
9
Suppose 4*k - r + 10 = 45, 3*k - 3*r - 33 = 0. What is the highest common factor of k and 64?
8
Let l(x) = 67*x**2 + 4 - 5 + 2. Let t be l(1). Let y = 54 - 37. What is the highest common factor of y and t?
17
Let i be -1 - (-2 - 0)*53. Let b(w) = 4*w + 1. Let d be b(-1). Let p(z) = -6*z - 3. Let u be p(d). Calculate the greatest common divisor of u and i.
15
Suppose 32 = 4*i - 3*g, -3*i - 8 = 2*g - 32. Let f be -145 + (-3)/6*0. Let l = -73 - f. What is the highest common factor of i and l?
8
Let m(t) = t**3 + 7*t**2 + 4*t + 3. Let g be m(-6). What is the greatest common factor of g and 240?
15
Let k(a) = 2*a**2 - 2*a + 3. Let x be k(3). Let j(w) = -26*w + 3. Let y be j(-8). Let i = y + -76. Calculate the greatest common divisor of i and x.
15
Suppose -146 = -4*z - 6. Calculate the greatest common factor of 14 and z.
7
Let p(i) = 3*i**2 - 6*i - 1. Let n be p(-6). Let m be 13 - (2 - (-2 + 4)). What is the highest common divisor of n and m?
13
Let w be (-6 - -1)*(-16)/10. Suppose 0*d + 56 = j + 3*d, -3*d = 0. Calculate the greatest common factor of w and j.
8
Let a(z) = 7*z**3 - 2*z**2 + 4*z - 5. Let y be a(4). Let q = y + -283. What is the highest common divisor of 18 and q?
18
Let t = 4 - 0. Suppose 7*d = t*d. Suppose d = a + 2*a - 48. Calculate the greatest common factor of 176 and a.
16
Let z = 101 + -46. Let h = 107 - z. Let j = -36 + h. Calculate the highest common divisor of j and 4.
4
Let n(m) = m**2 - 3*m - 12. Let j be ((-9)/(-4))/((-1)/(-4)). Let c be n(j). Calculate the greatest common divisor of c and 28.
14
Let r = 18 - -6. Let u be (-4)/(-1)*2*1. What is the greatest common factor of r and u?
8
Let b be ((-6)/4)/(6/(-352)). Suppose -3*i + 10 = -14. What is the highest common factor of i and b?
8
Suppose -5*u + 6 = -4*n, n = -4*u - u - 14. Let p = n + 10. What is the greatest common divisor of p and 15?
3
Suppose 3*x - 25 = 5. Calculate the highest common factor of 50 and x.
10
Suppose -3*b + 2 = -b. Let l be ((-3)/(-6))/(b/34). Calculate the greatest common factor of 136 and l.
17
Suppose -15 = 4*z - 271. Calculate the highest common divisor of z and 8.
8
Let z(l) = -10*l - 62. Let v be z(-15). Calculate the highest common factor of v and 8.
8
Let w(a) = 2*a**2 + 3*a + 4. Let k be w(-3). Suppose -c = -4*d + 25, 36 = 4*d + c + k. Calculate the highest common factor of d and 4.
2
Suppose 4*j = -2*w + 134, 157 = 5*j - 0*j - w. Suppose -3*t - 3*b + 128 = -127, 395 = 5*t - b. What is the highest common divisor of t and j?
16
Suppose -4*q + 6 = -2*q. Suppose -15 = 3*f, -u + q*f + 102 = -33. Calcu